9 and 348?
87
Calculate the highest common factor of 112 and 32.
16
What is the greatest common factor of 97 and 776?
97
What is the greatest common factor of 53 and 12031?
53
Calculate the greatest common factor of 115 and 105.
5
Calculate the highest common factor of 496 and 112.
16
Calculate the highest common divisor of 232 and 1832.
8
What is the greatest common factor of 1890 and 40?
10
Calculate the greatest common divisor of 24 and 6168.
24
Calculate the greatest common factor of 2 and 16.
2
Calculate the greatest common divisor of 55 and 88.
11
Calculate the highest common factor of 1507 and 198.
11
Calculate the greatest common factor of 84 and 448.
28
Calculate the greatest common divisor of 396 and 126.
18
What is the highest common factor of 1550 and 10?
10
Calculate the highest common divisor of 2279 and 1333.
43
Calculate the greatest common factor of 36 and 4692.
12
What is the greatest common divisor of 338 and 26?
26
Calculate the greatest common divisor of 216 and 7164.
36
Calculate the greatest common factor of 212 and 1643.
53
What is the greatest common divisor of 10257 and 195?
39
What is the greatest common divisor of 40 and 5752?
8
What is the highest common factor of 40 and 1100?
20
What is the highest common factor of 2 and 7?
1
Calculate the highest common divisor of 164 and 2706.
82
What is the greatest common factor of 45 and 1791?
9
What is the greatest common divisor of 391 and 23?
23
Calculate the greatest common divisor of 60 and 348.
12
What is the highest common divisor of 7909 and 88?
11
What is the greatest common factor of 105 and 60?
15
Calculate the highest common divisor of 132 and 594.
66
What is the greatest common divisor of 7740 and 120?
60
Calculate the greatest common factor of 170 and 85.
85
What is the greatest common divisor of 12 and 1524?
12
What is the greatest common divisor of 405 and 15?
15
Calculate the greatest common factor of 16 and 298.
2
Calculate the greatest common factor of 6230 and 42.
14
Calculate the highest common factor of 1470 and 49.
49
What is the greatest common factor of 432 and 54?
54
Calculate the greatest common divisor of 451 and 220.
11
What is the highest common divisor of 8648 and 23?
23
Calculate the greatest common divisor of 95 and 1007.
19
Calculate the highest common factor of 16 and 19920.
16
Calculate the highest common factor of 10302 and 51.
51
What is the highest common divisor of 81 and 108?
27
Calculate the greatest common factor of 9381 and 159.
159
What is the greatest common factor of 3 and 15?
3
Calculate the highest common divisor of 2209 and 47.
47
Calculate the highest common divisor of 220 and 3245.
55
What is the greatest common factor of 364 and 104?
52
What is the greatest common divisor of 4850 and 50?
50
What is the greatest common factor of 304 and 16?
16
What is the highest common divisor of 2304 and 18?
18
Calculate the highest common factor of 754 and 551.
29
Calculate the greatest common divisor of 6 and 11202.
6
What is the highest common factor of 2916 and 1782?
162
What is the greatest common factor of 423 and 7?
1
Calculate the highest common factor of 20 and 40.
20
What is the highest common divisor of 702 and 189?
27
What is the greatest common factor of 1652 and 28?
28
What is the highest common divisor of 24 and 3552?
24
Calculate the highest common factor of 90 and 2115.
45
Calculate the greatest common divisor of 66 and 29700.
66
What is the greatest common divisor of 171 and 7182?
171
Calculate the highest common divisor of 1486 and 6.
2
Calculate the greatest common factor of 903 and 49.
7
What is the greatest common factor of 162 and 342?
18
Calculate the greatest common divisor of 12 and 462.
6
Calculate the highest common factor of 19 and 42313.
19
Calculate the highest common divisor of 200 and 80.
40
Calculate the highest common factor of 511 and 7.
7
What is the greatest common factor of 9 and 261?
9
What is the greatest common factor of 18 and 5?
1
Calculate the highest common factor of 19 and 513.
19
What is the greatest common divisor of 60 and 75?
15
What is the greatest common divisor of 22308 and 132?
132
Calculate the greatest common divisor of 6810 and 60.
30
What is the greatest common factor of 1926 and 36?
18
Calculate the highest common divisor of 295 and 43955.
295
What is the highest common factor of 316 and 79?
79
What is the greatest common divisor of 7 and 397?
1
What is the highest common divisor of 135 and 120?
15
Calculate the greatest common factor of 6 and 521.
1
Calculate the greatest common factor of 169 and 16.
1
What is the highest common factor of 4 and 1444?
4
What is the greatest common divisor of 128 and 2?
2
Calculate the greatest common factor of 465 and 93.
93
What is the greatest common divisor of 5400 and 16?
8
Calculate the highest common divisor of 31641 and 159.
159
Calculate the greatest common factor of 33 and 933.
3
What is the greatest common factor of 31 and 2697?
31
Calculate the greatest common divisor of 345 and 759.
69
Calculate the greatest common divisor of 328 and 1352.
8
What is the highest common divisor of 959 and 70?
7
Calculate the highest common factor of 735 and 165.
15
What is the highest common divisor of 2379 and 9?
3
Calculate the greatest common factor of 5371 and 262.
131
Calculate the highest common factor of 32376 and 12.
12
What is the highest common factor of 6026 and 644?
46
What is the highest common factor of 5 and 10?
5
Calculate the greatest common divisor of 14 and 112.
14
What is the highest common divisor of 85 and 215?
5
What is the greatest common factor of 1500 and 60?
60
Calculate the greatest common factor of 180 and 140.
20
Calculate the highest common factor of 574 and 91.
7
Calculate the greatest common factor of 27 and 1.
1
Calculate the greatest common divisor of 1445 and 4913.
289
Calculate the greatest common factor of 24 and 150.
6
Calculate the highest common factor of 30 and 170.
10
What is the highest common divisor of 8820 and 140?
140
Calculate the highest common divisor of 416 and 96.
32
What is the greatest common divisor of 12 and 492?
12
What is the highest common factor of 96 and 498?
6
Calculate the greatest common divisor of 34 and 2006.
34
What is the highest common divisor of 159 and 901?
53
Calculate the greatest common factor of 917 and 7.
7
Calculate the greatest common factor of 165 and 45.
15
What is the highest common divisor of 60 and 795?
15
Calculate the greatest common factor of 804 and 12.
12
What is the highest common factor of 10 and 40?
10
What is the highest common factor of 32 and 29152?
32
Calculate the greatest common divisor of 20120 and 160.
40
Calculate the greatest common divisor of 44 and 781.
11
Calculate the greatest common divisor of 332 and 1245.
83
What is the greatest common divisor of 323 and 912?
19
Calculate the greatest common divisor of 125 and 1000.
125
What is the highest common divisor of 2250 and 300?
150
Calculate the greatest common divisor of 54 and 4032.
18
What is the greatest common divisor of 11715 and 66?
33
Calculate the highest common factor of 224 and 7.
7
What is the greatest common factor of 1479 and 34?
17
What is the greatest common factor of 640 and 2080?
160
Calculate the highest common divisor of 161 and 315.
7
Calculate the greatest common factor of 7642 and 2.
2
What is the highest common factor of 3153 and 3?
3
What is the highest common divisor of 230 and 20?
10
What is the highest common divisor of 216 and 184?
8
What is the greatest common divisor of 36 and 4374?
18
Calculate the greatest common factor of 3840 and 20.
20
Calculate the highest common factor of 1334 and 506.
46
What is the highest common divisor of 37 and 629?
37
What is the greatest common divisor of 62 and 23?
1
What is the greatest common factor of 504 and 28?
28
What is the greatest common factor of 5184 and 9?
9
Calculate the greatest common factor of 1050 and 28.
14
Calculate the greatest common divisor of 1860 and 36.
12
What is the greatest common factor of 2097 and 3?
3
What is the highest common divisor of 120 and 160?
40
What is the greatest common factor of 11 and 869?
11
What is the highest common factor of 216 and 270?
54
What is the greatest common factor of 234 and 473